{"id":38,"date":"2024-08-01T15:20:02","date_gmt":"2024-08-01T15:20:02","guid":{"rendered":"https:\/\/www.lesgrignnotes.be\/?page_id=38"},"modified":"2026-04-21T05:58:39","modified_gmt":"2026-04-21T05:58:39","slug":"accueil","status":"publish","type":"page","link":"https:\/\/www.lesgrignnotes.be\/","title":{"rendered":"Accueil"},"content":{"rendered":"<p>[et_pb_section fb_built=\u00a0\u00bb1&Prime; _builder_version=\u00a0\u00bb4.27.4&Prime; _module_preset=\u00a0\u00bbdefault\u00a0\u00bb background_image=\u00a0\u00bbhttps:\/\/www.lesgrignnotes.be\/wp-content\/uploads\/2024\/08\/arriere-plan.jpg\u00a0\u00bb global_colors_info=\u00a0\u00bb{}\u00a0\u00bb][et_pb_row column_structure=\u00a0\u00bb1_2,1_2&Prime; _builder_version=\u00a0\u00bb4.27.5&Prime; _module_preset=\u00a0\u00bbdefault\u00a0\u00bb custom_padding=\u00a0\u00bb20px|20px|20px|20px|false|false\u00a0\u00bb global_colors_info=\u00a0\u00bb{}\u00a0\u00bb][et_pb_column type=\u00a0\u00bb1_2&Prime; _builder_version=\u00a0\u00bb4.27.4&Prime; _module_preset=\u00a0\u00bbdefault\u00a0\u00bb global_colors_info=\u00a0\u00bb{}\u00a0\u00bb][et_pb_text _builder_version=\u00a0\u00bb4.27.6&Prime; _module_preset=\u00a0\u00bbdefault\u00a0\u00bb hover_enabled=\u00a0\u00bb0&Prime; global_colors_info=\u00a0\u00bb{}\u00a0\u00bb sticky_enabled=\u00a0\u00bb0&Prime;]<\/p>\n<h3 style=\"text-align: justify;\"><strong>A vos agendas !<\/strong><\/h3>\n<p style=\"text-align: justify;\"><strong><span style=\"text-decoration: underline;\"><span style=\"color: #ff0000; text-decoration: underline;\">30\/8\/2026 10h &#8211; 13h <\/span><\/span><\/strong>:\u00a0<span style=\"color: #000000;\">Portes ouvertes \u00e0 l&rsquo;\u00e9cole \u00e0 Bra (Lierneux)<\/span><\/p>\n<p style=\"text-align: justify;\"><span style=\"color: #000000;\"><strong><span style=\"text-decoration: underline;\"><span style=\"color: #ff0000; text-decoration: underline;\">18\/4\/2027 \u00e0 15h<\/span><\/span><\/strong> : Concert annuel de l&rsquo;\u00e9cole au Vicinal. (plus d&rsquo;infos suivront&#8230;)<\/span><\/p>\n<p style=\"text-align: justify;\">[\/et_pb_text][\/et_pb_column][et_pb_column type=\u00a0\u00bb1_2&Prime; _builder_version=\u00a0\u00bb4.27.5&Prime; _module_preset=\u00a0\u00bbdefault\u00a0\u00bb global_colors_info=\u00a0\u00bb{}\u00a0\u00bb][et_pb_testimonial author=\u00a0\u00bbJean d&rsquo;Ormesson\u00a0\u00bb _builder_version=\u00a0\u00bb4.27.4&Prime; _module_preset=\u00a0\u00bbdefault\u00a0\u00bb text_orientation=\u00a0\u00bbcenter\u00a0\u00bb border_radii=\u00a0\u00bbon|10px|10px|10px|10px\u00a0\u00bb border_width_all=\u00a0\u00bb2px\u00a0\u00bb border_color_all=\u00a0\u00bb#a5a5a5&Prime; box_shadow_style=\u00a0\u00bbpreset2&Prime; global_colors_info=\u00a0\u00bb{}\u00a0\u00bb]<\/p>\n<p><em>\u00ab\u00a0Un enseignant est un jardiner de l&rsquo;\u00e2me, il s\u00e8me\u00a0 les graines du savoir avec amour, dans l&rsquo;espoir qu&rsquo;elles fleurissent en sagesse. \u00ab\u00a0<\/em><\/p>\n<p>[\/et_pb_testimonial][et_pb_testimonial author=\u00a0\u00bbRichard Wagner\u00a0\u00bb portrait_url=\u00a0\u00bbhttps:\/\/www.lesgrignnotes.be\/wp-content\/uploads\/2025\/04\/richard-wagner.jpeg\u00a0\u00bb _builder_version=\u00a0\u00bb4.27.4&Prime; _module_preset=\u00a0\u00bbdefault\u00a0\u00bb border_radii=\u00a0\u00bbon|10px|10px|10px|10px\u00a0\u00bb border_width_all=\u00a0\u00bb2px\u00a0\u00bb border_color_all=\u00a0\u00bb#8c8c8c\u00a0\u00bb box_shadow_style=\u00a0\u00bbpreset2&Prime; global_colors_info=\u00a0\u00bb{}\u00a0\u00bb]<\/p>\n<p><em>\u00ab\u00a0La musique commence l\u00e0 o\u00f9 s&rsquo;arr\u00eatent les mots&#8230;.\u00a0\u00bb<\/em><\/p>\n<p>[\/et_pb_testimonial][\/et_pb_column][\/et_pb_row][\/et_pb_section]<\/p>\n","protected":false},"excerpt":{"rendered":"<p>A vos agendas ! 30\/8\/2026 10h &#8211; 13h :\u00a0Portes ouvertes \u00e0 l&rsquo;\u00e9cole \u00e0 Bra (Lierneux) 18\/4\/2027 \u00e0 15h : Concert annuel de l&rsquo;\u00e9cole au Vicinal. (plus d&rsquo;infos suivront&#8230;) \u00ab\u00a0Un enseignant est un jardiner de l&rsquo;\u00e2me, il s\u00e8me\u00a0 les graines du savoir avec amour, dans l&rsquo;espoir qu&rsquo;elles fleurissent en sagesse. \u00ab\u00a0\u00a0\u00bbLa musique commence l\u00e0 o\u00f9 s&rsquo;arr\u00eatent [&hellip;]<\/p>\n","protected":false},"author":3,"featured_media":0,"parent":0,"menu_order":0,"comment_status":"closed","ping_status":"closed","template":"","meta":{"_et_pb_use_builder":"on","_et_pb_old_content":"","_et_gb_content_width":"","footnotes":""},"class_list":["post-38","page","type-page","status-publish","hentry"],"_links":{"self":[{"href":"https:\/\/www.lesgrignnotes.be\/index.php\/wp-json\/wp\/v2\/pages\/38","targetHints":{"allow":["GET"]}}],"collection":[{"href":"https:\/\/www.lesgrignnotes.be\/index.php\/wp-json\/wp\/v2\/pages"}],"about":[{"href":"https:\/\/www.lesgrignnotes.be\/index.php\/wp-json\/wp\/v2\/types\/page"}],"author":[{"embeddable":true,"href":"https:\/\/www.lesgrignnotes.be\/index.php\/wp-json\/wp\/v2\/users\/3"}],"replies":[{"embeddable":true,"href":"https:\/\/www.lesgrignnotes.be\/index.php\/wp-json\/wp\/v2\/comments?post=38"}],"version-history":[{"count":81,"href":"https:\/\/www.lesgrignnotes.be\/index.php\/wp-json\/wp\/v2\/pages\/38\/revisions"}],"predecessor-version":[{"id":835,"href":"https:\/\/www.lesgrignnotes.be\/index.php\/wp-json\/wp\/v2\/pages\/38\/revisions\/835"}],"wp:attachment":[{"href":"https:\/\/www.lesgrignnotes.be\/index.php\/wp-json\/wp\/v2\/media?parent=38"}],"curies":[{"name":"wp","href":"https:\/\/api.w.org\/{rel}","templated":true}]}}

<p>[et_pb_section fb_built= »1&Prime; _builder_version= »4.27.4&Prime; _module_preset= »default » background_image= »https://www.lesgrignnotes.be/wp-content/uploads/2024/08/arriere-plan.jpg » global_colors_info= »{} »][et_pb_row column_structure= »1_2,1_2&Prime; _builder_version= »4.27.5&Prime; _module_preset= »default » custom_padding= »20px|20px|20px|20px|false|false » global_colors_info= »{} »][et_pb_column type= »1_2&Prime; _builder_version= »4.27.4&Prime; _module_preset= »default » global_colors_info= »{} »][et_pb_text _builder_version= »4.27.6&Prime; _module_preset= »default » hover_enabled= »0&Prime; global_colors_info= »{} » sticky_enabled= »0&Prime;]</p>
<h3 style="text-align: justify;"><strong>A vos agendas !</strong></h3>
<p style="text-align: justify;"><strong><span style="text-decoration: underline;"><span style="color: #ff0000; text-decoration: underline;">30/8/2026 10h &#8211; 13h </span></span></strong>: <span style="color: #000000;">Portes ouvertes à l&rsquo;école à Bra (Lierneux)</span></p>
<p style="text-align: justify;"><span style="color: #000000;"><strong><span style="text-decoration: underline;"><span style="color: #ff0000; text-decoration: underline;">18/4/2027 à 15h</span></span></strong> : Concert annuel de l&rsquo;école au Vicinal. (plus d&rsquo;infos suivront&#8230;)</span></p>
<p style="text-align: justify;">[/et_pb_text][/et_pb_column][et_pb_column type= »1_2&Prime; _builder_version= »4.27.5&Prime; _module_preset= »default » global_colors_info= »{} »][et_pb_testimonial author= »Jean d&rsquo;Ormesson » _builder_version= »4.27.4&Prime; _module_preset= »default » text_orientation= »center » border_radii= »on|10px|10px|10px|10px » border_width_all= »2px » border_color_all= »#a5a5a5&Prime; box_shadow_style= »preset2&Prime; global_colors_info= »{} »]</p>
<p><em>« Un enseignant est un jardiner de l&rsquo;âme, il sème  les graines du savoir avec amour, dans l&rsquo;espoir qu&rsquo;elles fleurissent en sagesse. « </em></p>
<p>[/et_pb_testimonial][et_pb_testimonial author= »Richard Wagner » portrait_url= »https://www.lesgrignnotes.be/wp-content/uploads/2025/04/richard-wagner.jpeg » _builder_version= »4.27.4&Prime; _module_preset= »default » border_radii= »on|10px|10px|10px|10px » border_width_all= »2px » border_color_all= »#8c8c8c » box_shadow_style= »preset2&Prime; global_colors_info= »{} »]</p>
<p><em>« La musique commence là où s&rsquo;arrêtent les mots&#8230;. »</em></p>
<p>[/et_pb_testimonial][/et_pb_column][/et_pb_row][/et_pb_section]</p>

<p>A vos agendas ! 30/8/2026 10h &#8211; 13h : Portes ouvertes à l&rsquo;école à Bra (Lierneux) 18/4/2027 à 15h : Concert annuel de l&rsquo;école au Vicinal. (plus d&rsquo;infos suivront&#8230;) « Un enseignant est un jardiner de l&rsquo;âme, il sème  les graines du savoir avec amour, dans l&rsquo;espoir qu&rsquo;elles fleurissent en sagesse. «  »La musique commence là où s&rsquo;arrêtent [&hellip;]</p>
