{"id":169,"date":"2025-09-26T10:57:29","date_gmt":"2025-09-26T10:57:29","guid":{"rendered":"https:\/\/www.lesgrignnotes.be\/?page_id=169"},"modified":"2026-04-14T09:13:08","modified_gmt":"2026-04-14T09:13:08","slug":"professeurs","status":"publish","type":"page","link":"https:\/\/www.lesgrignnotes.be\/index.php\/professeurs\/","title":{"rendered":"Les professeurs"},"content":{"rendered":"<p>[et_pb_section fb_built=\u00a0\u00bb1&Prime; admin_label=\u00a0\u00bbsection\u00a0\u00bb _builder_version=\u00a0\u00bb4.27.0&Prime; background_image=\u00a0\u00bbhttps:\/\/www.lesgrignnotes.be\/wp-content\/uploads\/2024\/08\/arriere-plan.jpg\u00a0\u00bb global_colors_info=\u00a0\u00bb{}\u00a0\u00bb][et_pb_row admin_label=\u00a0\u00bbrow\u00a0\u00bb _builder_version=\u00a0\u00bb4.16&Prime; background_size=\u00a0\u00bbinitial\u00a0\u00bb background_position=\u00a0\u00bbtop_left\u00a0\u00bb background_repeat=\u00a0\u00bbrepeat\u00a0\u00bb global_colors_info=\u00a0\u00bb{}\u00a0\u00bb][et_pb_column type=\u00a0\u00bb4_4&Prime; _builder_version=\u00a0\u00bb4.16&Prime; custom_padding=\u00a0\u00bb|||\u00a0\u00bb global_colors_info=\u00a0\u00bb{}\u00a0\u00bb custom_padding__hover=\u00a0\u00bb|||\u00a0\u00bb][et_pb_post_title meta=\u00a0\u00bboff\u00a0\u00bb featured_image=\u00a0\u00bboff\u00a0\u00bb _builder_version=\u00a0\u00bb4.27.0&Prime; _module_preset=\u00a0\u00bbdefault\u00a0\u00bb title_font=\u00a0\u00bb|700|||||||\u00a0\u00bb global_colors_info=\u00a0\u00bb{}\u00a0\u00bb][\/et_pb_post_title][\/et_pb_column][\/et_pb_row][et_pb_row _builder_version=\u00a0\u00bb4.27.4&Prime; _module_preset=\u00a0\u00bbdefault\u00a0\u00bb global_colors_info=\u00a0\u00bb{}\u00a0\u00bb][et_pb_column type=\u00a0\u00bb4_4&Prime; _builder_version=\u00a0\u00bb4.27.4&Prime; _module_preset=\u00a0\u00bbdefault\u00a0\u00bb global_colors_info=\u00a0\u00bb{}\u00a0\u00bb][et_pb_toggle title=\u00a0\u00bbDenis GABRIEL &#8211; Professeur de chant\u00a0\u00bb _builder_version=\u00a0\u00bb4.27.4&Prime; _module_preset=\u00a0\u00bbdefault\u00a0\u00bb global_colors_info=\u00a0\u00bb{}\u00a0\u00bb]<\/p>\n<table border=\"1\" style=\"border-collapse: collapse; width: 100%;\">\n<tbody>\n<tr>\n<td style=\"width: 50%;\"><img loading=\"lazy\" decoding=\"async\" src=\"https:\/\/www.lesgrignnotes.be\/wp-content\/uploads\/2025\/06\/IMG_7369a-300x195.jpg\" width=\"300\" height=\"195\" alt=\"\" class=\"wp-image-537 alignnone size-medium\" style=\"display: block; margin-left: auto; margin-right: auto;\" \/><\/td>\n<td style=\"width: 50%;\">\n<p style=\"text-align: justify;\"><i>Initi\u00e9 \u00e0 la musique et particuli\u00e8rement au chant d\u00e8s son plus jeune \u00e2ge,\u00a0<\/i><b>Denis Gabriel<\/b><i>\u00a0d\u00e9veloppe ses connaissances musicales et humaines aupr\u00e8s d\u2019Elise Chantraine qui sera pour lui une source intarissable de <\/i><i>connaissance.Il<\/i><i> a \u00e9tudi\u00e9 le chant au Conservatoire Royal\u00a0 de Li\u00e8ge dans la classe de la cantatrice <\/i><i>Huberte<\/i> <i>Vecray-Duchamps<\/i><i>, avant de rejoindre l\u2019enseignement de Jos\u00e9 Van Dam dans la m\u00eame institution.<\/i><\/p>\n<p style=\"text-align: justify;\"><i>Il est laur\u00e9at du Concours International de M\u00e9lodie et Oratorio de Clermont-Ferrand et demi-finaliste du Concours International Julian <\/i><i>Gayarre<\/i><i>, pr\u00e9sid\u00e9 \u00e0 l\u2019\u00e9poque par Jos\u00e9 Carreras.<\/i><\/p>\n<p style=\"text-align: justify;\"><i>Il dirige des ensembles vocaux depuis pr\u00e8s de trente ans et c\u2019est d\u2019ailleurs avec les Baladins qu\u2019il dirige depuis quelques ann\u00e9es qu\u2019il a d\u00e9but\u00e9 cette passionnante histoire. Il est le cr\u00e9ateur et le directeur de <\/i><i>l\u2019asbl<\/i><i> \u00ab Les chemins d\u2019Elise \u00bb qui tente de mettre en lumi\u00e8re le travail, le talent de jeunes artistes.\u00a0 <\/i><\/p>\n<p style=\"text-align: justify;\"><b><i>Sur Lierneux, il est professeur de chant dans notre \u00e9cole et est chef de ch\u0153ur de la chorale <\/i><\/b><b><i>Colanhan<\/i><\/b><b><i>.<\/i><\/b><\/p>\n<\/td>\n<\/tr>\n<\/tbody>\n<\/table>\n<p>[\/et_pb_toggle][et_pb_toggle title=\u00a0\u00bbSelen KARAYIGITOGLU &#8211; Professeur de chant\u00a0\u00bb _builder_version=\u00a0\u00bb4.27.6&Prime; _module_preset=\u00a0\u00bbdefault\u00a0\u00bb hover_enabled=\u00a0\u00bb0&Prime; global_colors_info=\u00a0\u00bb{}\u00a0\u00bb sticky_enabled=\u00a0\u00bb0&Prime;]<\/p>\n<table border=\"1\" style=\"border-collapse: collapse; width: 100%;\">\n<tbody>\n<tr>\n<td style=\"width: 50%;\"><img loading=\"lazy\" decoding=\"async\" src=\"https:\/\/www.lesgrignnotes.be\/wp-content\/uploads\/2026\/04\/photo-selen.jpg\" width=\"173\" height=\"240\" alt=\"\" class=\"wp-image-822 alignnone size-full\" style=\"display: block; margin-left: auto; margin-right: auto;\" \/><\/td>\n<td style=\"width: 50%; text-align: justify;\"><strong>Mezzo-soprano\u00a0\u00a0<\/strong><br \/><strong>Profil artistique et p\u00e9dagogique.<\/strong><br \/>Voix lyrique et populaire avec une sensibilit\u00e9 particuli\u00e8re, au service d\u2019un r\u00e9pertoire en neuf langues, allant de l\u2019op\u00e9ra et de l\u2019oratorio \u00e0 la m\u00e9lodie, aux r\u00e9pertoires ethniques, populaires et \u00e0 la chanson fran\u00e7aise.<br \/>Avec 9 ans d\u2019exp\u00e9rience dans l\u2019enseignement du chant, elle accompagne des \u00e9l\u00e8ves de 7 \u00e0 85 ans, en pr\u00e9sentiel et en ligne, dans la d\u00e9couverte et le d\u00e9veloppement de leur voix et de leur interpr\u00e9tation. Son approche combine exigence technique, conscience corporelle et \u00e9coute sensible, guidant chaque \u00e9l\u00e8ve sur le chemin de la voix et de la connaissance de soi \u00e0 travers le chant et l\u2019expression en chant. Elle est capable d\u2019adapter sa p\u00e9dagogie aux besoins techniques, \u00e9motionnels et artistiques de chaque \u00e9l\u00e8ve, assurant un enseignement personnalis\u00e9 et efficace.<\/td>\n<\/tr>\n<\/tbody>\n<\/table>\n<p style=\"text-align: justify;\"><strong>Formation<\/strong><br \/>\u25cf Master en Didactique du Chant (M2, en cours), Conservatoire Royal de Li\u00e8ge<br \/>\u25cf Bachelier en Musique &amp; Chant, Conservatoire Royal de Li\u00e8ge<br \/>\u25cf Licence en \u00c9conomie, Universit\u00e9 Galatasaray<br \/>Exp\u00e9rience sc\u00e9nique<br \/>\u25cf Plus de 200 concerts en soliste en Belgique, France, Italie, Espagne, Bulgarie, G\u00e9orgie, Chypre et Turquie. Participation \u00e0 de nombreux festivals nationaux et internationaux.<br \/><strong>Distinctions<\/strong><br \/>\u25cf Premier prix, Concours National de Musique de Silifke (Turquie), 2010<br \/>\u25cf Laur\u00e9ate du Concours de Chanson Fran\u00e7aise (Istanbul)<br \/>\u25cf Repr\u00e9sentante de la Turquie au Concours International de la Chanson Fran\u00e7aise, Plovdiv (Bulgarie), 2006<br \/>Activit\u00e9s artistiques et p\u00e9dagogiques<br \/>\u25cf Charg\u00e9e d\u2019organisation de concerts \u2013 ASBL Les Chemins d\u2019\u00c9lise (depuis 2025)<br \/>\u25cf Professeur de chant \u2013 \u00c9cole de Musique Les Grign&rsquo;notes, Lierneux (depuis 2024)<\/p>\n<p>[\/et_pb_toggle][et_pb_toggle title=\u00a0\u00bbFanny FAUCONNIER &#8211; professeur de fl\u00fbte\u00a0\u00bb _builder_version=\u00a0\u00bb4.27.4&Prime; _module_preset=\u00a0\u00bbdefault\u00a0\u00bb global_colors_info=\u00a0\u00bb{}\u00a0\u00bb]<\/p>\n<table border=\"1\" style=\"border-collapse: collapse; width: 100%;\">\n<tbody>\n<tr>\n<td style=\"width: 50%;\"><img loading=\"lazy\" decoding=\"async\" src=\"https:\/\/www.lesgrignnotes.be\/wp-content\/uploads\/2025\/06\/404099536_10229316332480416_869376880641443171_n-228x300.jpg\" width=\"228\" height=\"300\" alt=\"\" class=\"wp-image-525 alignnone size-medium\" style=\"display: block; margin-left: auto; margin-right: auto;\" \/><\/td>\n<td style=\"width: 50%; text-align: justify;\">\n<p><i>Form\u00e9e au Conservatoire Royal d\u2019Anvers ainsi qu\u2019\u00e0 l\u2019<\/i><i>Imep<\/i><i> de Namur o\u00f9 elle a obtenu un Master sp\u00e9cialis\u00e9 ainsi qu\u2019une agr\u00e9gation, Fanny Fauconnier a suivi de nombreuses <\/i><i>masterclasses<\/i><i>. Elle a \u00e9galement \u00e9tudi\u00e9 au Luxembourg afin d\u2019obtenir un dipl\u00f4me de concert.<br \/>Elle est laur\u00e9ate du concours Belfius <\/i><i>Classics<\/i><i>.<br \/>Elle termine ses \u00e9tudes en 2014 et s\u2018expatrie pendant un an.<\/i><\/p>\n<p style=\"text-align: justify;\"><i>D\u00e8s son retour en Belgique, elle obtient le poste de professeur de fl\u00fbte \u00e0 l\u2019Acad\u00e9mie de Bastogne.<\/i><\/p>\n<p style=\"text-align: justify;\"><i>En 2018, Fanny Fauconnier int\u00e8gre l&rsquo;\u00e9quipe p\u00e9dagogique du Stage International de Musique en Province de Li\u00e8ge (Spa). <\/i><\/p>\n<p style=\"text-align: justify;\"><i>Elle est \u00e9galement fl\u00fbtiste freelance.<\/i><\/p>\n<p style=\"text-align: justify;\"><i>La musique de chambre fait partie de son r\u00e9pertoire de pr\u00e9dilection mais elle aime \u00e9galement jouer du jazz et de la contrebasse.<\/i><\/p>\n<\/td>\n<\/tr>\n<\/tbody>\n<\/table>\n<p style=\"text-align: justify;\">[\/et_pb_toggle][et_pb_toggle title=\u00a0\u00bbAngelo RAIMONDI LUCHETTI &#8211; Professeur de piano\u00a0\u00bb _builder_version=\u00a0\u00bb4.27.4&Prime; _module_preset=\u00a0\u00bbdefault\u00a0\u00bb global_colors_info=\u00a0\u00bb{}\u00a0\u00bb]<\/p>\n<table border=\"1\" style=\"border-collapse: collapse; width: 100%;\">\n<tbody>\n<tr>\n<td style=\"width: 50%;\"><img loading=\"lazy\" decoding=\"async\" src=\"https:\/\/www.lesgrignnotes.be\/wp-content\/uploads\/2025\/09\/angelo-257x300.jpg\" width=\"257\" height=\"300\" alt=\"\" class=\"wp-image-601 alignnone size-medium\" style=\"display: block; margin-left: auto; margin-right: auto;\" \/><\/td>\n<td style=\"width: 50%; text-align: justify;\">\n<p>N\u00e9 \u00e0 Milan le 30 mars 1996.<br \/>Il a commenc\u00e9 \u00e0 \u00e9tudier le piano avec le M\u00b0 Alessandro La Ciacera.<br \/>En 2014, il est admis \u00e0 la Civica Scuola di Musica de Milan dans la classe de piano du maestro Paolo Gilardi. Au cours de sa carri\u00e8re acad\u00e9mique, il a eu l&rsquo;opportunit\u00e9<br \/>d&rsquo;approfondir le r\u00f4le de pianiste accompagnateur et de se passionner pour le r\u00e9pertoire pianistique fran\u00e7ais. Il a poursuivi ses \u00e9tudes \u00e0 Piacenza avec Maestro Mariagrazia Petrali.\u00a0 Depuis 2020, il suit le cours de sp\u00e9cialisation de l&rsquo;\u00e9cole de piano Ateneum avec Maestro Luca Rasca.<br \/>Il a \u00e9tudi\u00e9 \u00e0 l&rsquo;Acad\u00e9mie Pinerolo avec le M\u00b0 Roberto Plano.<\/p>\n<p>D\u00e8s son plus jeune \u00e2ge, il participe \u00e0 des comp\u00e9titions nationales et internationales.<\/p>\n<\/td>\n<\/tr>\n<\/tbody>\n<\/table>\n<p style=\"text-align: justify;\">\n<p style=\"text-align: justify;\">Il s&rsquo;est r\u00e9cemment class\u00e9 deuxi\u00e8me au concours de la ville d&rsquo;Alessandria et premier au concours de Massa et Carrara.<br \/>Il a suivi les masterclasses d&rsquo;Enrico Pace, Boris Petrushansky, Luca Rasca et Romano Pallottini.<br \/>En 2018, il a commenc\u00e9 \u00e0 \u00e9tudier la direction d&rsquo;orchestre avec le maestro Yoichi Sugiyama.<br \/>Il a eu l&rsquo;occasion de jouer en tant que soliste et dans des ensembles de chambre dans divers contextes et saisons de concerts, tels que Piano City, Museo Teatro Alla Scala, Notti Trasfigurate, Cortili Aperti, Mare Culturale Urbano, Pinacoteca di Brera.<\/p>\n<p style=\"text-align: justify;\">\n<p style=\"text-align: justify;\">[\/et_pb_toggle][et_pb_toggle title=\u00a0\u00bbMaika KIMURA &#8211; Professeur de piano\u00a0\u00bb _builder_version=\u00a0\u00bb4.27.4&Prime; _module_preset=\u00a0\u00bbdefault\u00a0\u00bb global_colors_info=\u00a0\u00bb{}\u00a0\u00bb]<\/p>\n<table border=\"1\" style=\"border-collapse: collapse; width: 100%;\">\n<tbody>\n<tr>\n<td style=\"width: 50%;\"><img loading=\"lazy\" decoding=\"async\" src=\"https:\/\/www.lesgrignnotes.be\/wp-content\/uploads\/2025\/09\/Maika2-225x300.jpg\" width=\"225\" height=\"300\" alt=\"\" class=\"wp-image-610 alignnone size-medium\" style=\"display: block; margin-left: auto; margin-right: auto;\" \/><\/td>\n<td style=\"width: 50%; text-align: justify;\">\n<p><i>N\u00e9e au Japon, <\/i><i>Maika<\/i><i> Kimura est pianiste. Elle a \u00e9tudi\u00e9 le piano au Tokyo <\/i><i>College<\/i><i> of Music, puis dans le cadre du programme compl\u00e9mentaire de la m\u00eame institution. Apr\u00e8s l\u2019obtention de son dipl\u00f4me, elle a enseign\u00e9 pendant dix ans la musique dans des coll\u00e8ges et lyc\u00e9es, tout en menant parall\u00e8lement une carri\u00e8re artistique active.<\/i><\/p>\n<p><i>En 2018, elle a donn\u00e9 son premier r\u00e9cital soliste \u00e0 l\u2019invitation de la Ville de Sagamihara. Depuis, elle se produit aussi bien en soliste qu\u2019en musique de chambre et comme pianiste accompagnatrice \u00e0 l\u2019op\u00e9ra. En 2017, elle a con\u00e7u et r\u00e9alis\u00e9 le spectacle Invitation \u00e0 la fantaisie, qui associait m\u00e9lodies japonaises, peinture traditionnelle, danse classique japonaise et piano, et qui a rencontr\u00e9 un vif succ\u00e8s. Ce projet a ensuite conduit \u00e0 la cr\u00e9ation du duo \u00ab Haru yukinoshita \u00bb, une collaboration originale entre danse japonaise et piano, d\u00e9di\u00e9e \u00e0 la red\u00e9couverte du patrimoine musical traditionnel japonais.<\/i><\/p>\n<\/td>\n<\/tr>\n<\/tbody>\n<\/table>\n<p style=\"text-align: justify;\">\n<p style=\"text-align: justify;\"><i>Elle a accompagn\u00e9 \u00e0 plusieurs reprises la fl\u00fbtiste japonaise Hana Sasaki en r\u00e9cital. Anim\u00e9e par le d\u00e9sir d\u2019approfondir sa connaissance de la musique europ\u00e9enne \u2013 en particulier du r\u00e9pertoire francophone \u2013 elle s\u2019est install\u00e9e en Europe en 2024. Elle poursuit actuellement sa formation au Conservatoire royal de Li\u00e8ge, dans la classe de piano d\u2019Alexander <\/i><i>Gurning<\/i><i> et celle de musique de chambre de Fran\u00e7ois <\/i><i>Deppe<\/i><i>.<\/i><\/p>\n<p style=\"text-align: justify;\"><i>R\u00e9cemment, elle s\u2019est produite \u00e0 la Salle philharmonique de Li\u00e8ge dans le cadre du Festival de musique de chambre, o\u00f9 elle a interpr\u00e9t\u00e9 le Quintette \u00ab La Truite \u00bb de Schubert. En France, elle a particip\u00e9 au Festival Autour du Ventoux en tant que pianiste accompagnatrice de l\u2019op\u00e9ra Les P\u00eacheurs de perles.<\/i><\/p>\n<p>[\/et_pb_toggle][et_pb_toggle title=\u00a0\u00bbSimon VAN DEN ACKERVEKEN &#8211; Professeur de guitare\u00a0\u00bb _builder_version=\u00a0\u00bb4.27.4&Prime; _module_preset=\u00a0\u00bbdefault\u00a0\u00bb global_colors_info=\u00a0\u00bb{}\u00a0\u00bb]<\/p>\n<table border=\"1\" style=\"border-collapse: collapse; width: 100%;\">\n<tbody>\n<tr>\n<td style=\"width: 50%;\"><img loading=\"lazy\" decoding=\"async\" src=\"https:\/\/www.lesgrignnotes.be\/wp-content\/uploads\/2025\/09\/104834414_709270053227908_4689554324559331712_n-300x200.jpg\" width=\"300\" height=\"200\" alt=\"\" class=\"wp-image-597 alignnone size-medium\" style=\"display: block; margin-left: auto; margin-right: auto;\" \/><\/td>\n<td style=\"width: 50%; text-align: justify;\"><i>Originaire de Malmedy, je r\u00eavais depuis tout petit de faire de la guitare \u00e9lectrique comme Jimmy Hendrix, Carlos Santana ou encore Kurt Cobain. C\u2019est cependant la guitare classique que j\u2019ai abord\u00e9 comme premier instrument \u00e0 l\u2019\u00e2ge de 8 ans. Je me suis alors inscrit \u00e0 l\u2019Acad\u00e9mie de musique de Malmedy ou j\u2019ai fait toutes mes ann\u00e9es, tout en commen\u00e7ant sur le c\u00f4t\u00e9 la guitare \u00e9lectrique vers l\u2019\u00e2ge de 12 ans.<\/i><\/td>\n<\/tr>\n<\/tbody>\n<\/table>\n<p style=\"text-align: justify;\"><i>Apr\u00e8s plusieurs exp\u00e9riences dans des petits groupes, c\u2019est finalement en 2017 que j\u2019int\u00e8gre un tout nouveau groupe de rock, compos\u00e9 de mon fr\u00e8re \u00e0 la batterie et d\u2019autres camarades que je fr\u00e9quentais \u00e0 l\u2019\u00e9cole\u00a0: Gibraltar. Celui-ci est form\u00e9 \u00e0 la MJ de Stavelot. J\u2019y endosse le r\u00f4le de guitariste \/chanteur et \u00e9crit une bonne partie des compositions, dont certaines sortiront sur notre premier album, parut en 2022.<\/i><\/p>\n<p style=\"text-align: justify;\"><i>Gr\u00e2ce \u00e0 cette avanc\u00e9e, nous avons pu partir en tourn\u00e9e dans le sud de la France, ou encore donner des concerts dans des moyennes \/ grosses structures comme l\u2019<\/i><i>unifestival<\/i><i> de Li\u00e8ge (2022 et 2024).<\/i><\/p>\n<p style=\"text-align: justify;\"><i>De l\u2019autre c\u00f4t\u00e9, apr\u00e8s un passage \u00e0 l\u2019IAD en 2018, je finis par m\u2019inscrire au conservatoire royal de Li\u00e8ge en guitare classique ou j\u2019y poursuis ma formation jusqu\u2019\u00e0 l\u2019heure actuelle ou j\u2019arrive tout doucement au terme de mes \u00e9tudes.<\/i><\/p>\n<p>[\/et_pb_toggle][et_pb_toggle title=\u00a0\u00bbStefany LONDONO &#8211; professeur de VIOLON, EVEIL ET FORMATION MUSICALE\u00a0\u00bb _builder_version=\u00a0\u00bb4.27.4&Prime; _module_preset=\u00a0\u00bbdefault\u00a0\u00bb global_colors_info=\u00a0\u00bb{}\u00a0\u00bb]<\/p>\n<table border=\"1\" style=\"border-collapse: collapse; width: 100%;\">\n<tbody>\n<tr>\n<td style=\"width: 50%;\"><img loading=\"lazy\" decoding=\"async\" src=\"https:\/\/www.lesgrignnotes.be\/wp-content\/uploads\/2025\/09\/493490852_9565570523519285_6326230401141558867_n-300x234.jpg\" width=\"300\" height=\"234\" alt=\"\" class=\"wp-image-604 alignnone size-medium\" style=\"display: block; margin-left: auto; margin-right: auto;\" \/><\/td>\n<td style=\"width: 50%; text-align: justify;\">Je suis dipl\u00f4m\u00e9e en musique en 2016 (Colombie) \u00abLicenciatura en M\u00fasica \u00bb, qui \u00e9quivaut \u00e0 un Bachelier en P\u00e9dagogie Musical AESI en Belgique ; il s\u2019agit d\u2019un dipl\u00f4me qui me donne une pr\u00e9paration n\u00e9cessaire pour donner cours d\u2019\u00e9ducation musicale, \u00e9veil musical, FM et\/ou solf\u00e8ge mais aussi guitare d\u00e9butant, piano d\u00e9butant, chant et un instrument principal (le violon) ; j\u2019ai d\u00e9j\u00e0 fait la demande pour l\u2019\u00e9quivalence de mon dipl\u00f4me \u00e0 niveau sp\u00e9cifique \u00ab Bachelier \u2013 AESI en \u00e9ducation musicale et formation musical aupr\u00e8s la direction de la reconnaissance des dipl\u00f4mes \u00e9trangers FWB, je suis actuellement en attente des r\u00e9sultats. Compl\u00e9mentairement je viens d\u2019obtenir un master didactique en formation instrumentale Violon \u00e0 l\u2019institut Royal Sup\u00e9rieur de Musique et P\u00e9dagogie de Namur IMEP.<br \/>J\u2019ai travaill\u00e9 dans plusieurs \u00e9coles primaires et secondaires en Colombie \u00e0 partir de 2008, ainsi que chez diff\u00e9rentes ASBL en Colombie et, \u00e0 partir de 2019, en Belgique o\u00f9 j&rsquo;ai donn\u00e9 des cours de: \u00e9ducation musical, formation musical et \u00e9veil musical \u00e0 partir de 3 ans, violon niveau avanc\u00e9, piano et guitare d\u00e9butant, en plus d\u2019\u00eatre professeure d\u2019ensemble de cordes ou instrumental et soutiens logistiques lors de diff\u00e9rents \u00e9v\u00e9nements. En septembre 2024 je vais continuer mes \u00e9tudes \u00e0 l\u2019IMEP \u2013 master 2 en formation musicale.<\/td>\n<\/tr>\n<\/tbody>\n<\/table>\n<p>[\/et_pb_toggle][\/et_pb_column][\/et_pb_row][\/et_pb_section]<\/p>\n","protected":false},"excerpt":{"rendered":"<p>Initi\u00e9 \u00e0 la musique et particuli\u00e8rement au chant d\u00e8s son plus jeune \u00e2ge,\u00a0Denis Gabriel\u00a0d\u00e9veloppe ses connaissances musicales et humaines aupr\u00e8s d\u2019Elise Chantraine qui sera pour lui une source intarissable de connaissance.Il a \u00e9tudi\u00e9 le chant au Conservatoire Royal\u00a0 de Li\u00e8ge dans la classe de la cantatrice Huberte Vecray-Duchamps, avant de rejoindre l\u2019enseignement de Jos\u00e9 Van [&hellip;]<\/p>\n","protected":false},"author":3,"featured_media":0,"parent":0,"menu_order":0,"comment_status":"closed","ping_status":"closed","template":"","meta":{"_et_pb_use_builder":"on","_et_pb_old_content":"","_et_gb_content_width":"","footnotes":""},"class_list":["post-169","page","type-page","status-publish","hentry"],"_links":{"self":[{"href":"https:\/\/www.lesgrignnotes.be\/index.php\/wp-json\/wp\/v2\/pages\/169","targetHints":{"allow":["GET"]}}],"collection":[{"href":"https:\/\/www.lesgrignnotes.be\/index.php\/wp-json\/wp\/v2\/pages"}],"about":[{"href":"https:\/\/www.lesgrignnotes.be\/index.php\/wp-json\/wp\/v2\/types\/page"}],"author":[{"embeddable":true,"href":"https:\/\/www.lesgrignnotes.be\/index.php\/wp-json\/wp\/v2\/users\/3"}],"replies":[{"embeddable":true,"href":"https:\/\/www.lesgrignnotes.be\/index.php\/wp-json\/wp\/v2\/comments?post=169"}],"version-history":[{"count":23,"href":"https:\/\/www.lesgrignnotes.be\/index.php\/wp-json\/wp\/v2\/pages\/169\/revisions"}],"predecessor-version":[{"id":825,"href":"https:\/\/www.lesgrignnotes.be\/index.php\/wp-json\/wp\/v2\/pages\/169\/revisions\/825"}],"wp:attachment":[{"href":"https:\/\/www.lesgrignnotes.be\/index.php\/wp-json\/wp\/v2\/media?parent=169"}],"curies":[{"name":"wp","href":"https:\/\/api.w.org\/{rel}","templated":true}]}}