{"id":116,"date":"2024-08-08T16:57:26","date_gmt":"2024-08-08T16:57:26","guid":{"rendered":"https:\/\/www.lesgrignnotes.be\/?page_id=116"},"modified":"2025-09-29T06:13:57","modified_gmt":"2025-09-29T06:13:57","slug":"emplois-vacants","status":"publish","type":"page","link":"https:\/\/www.lesgrignnotes.be\/index.php\/emplois-vacants\/","title":{"rendered":"Emplois vacants"},"content":{"rendered":"<p>[et_pb_section fb_built=\u00a0\u00bb1&Prime; admin_label=\u00a0\u00bbsection\u00a0\u00bb _builder_version=\u00a0\u00bb4.27.0&Prime; background_image=\u00a0\u00bbhttps:\/\/www.lesgrignnotes.be\/wp-content\/uploads\/2024\/08\/arriere-plan.jpg\u00a0\u00bb global_colors_info=\u00a0\u00bb{}\u00a0\u00bb][et_pb_row admin_label=\u00a0\u00bbrow\u00a0\u00bb _builder_version=\u00a0\u00bb4.16&Prime; background_size=\u00a0\u00bbinitial\u00a0\u00bb background_position=\u00a0\u00bbtop_left\u00a0\u00bb background_repeat=\u00a0\u00bbrepeat\u00a0\u00bb global_colors_info=\u00a0\u00bb{}\u00a0\u00bb][et_pb_column type=\u00a0\u00bb4_4&Prime; _builder_version=\u00a0\u00bb4.16&Prime; custom_padding=\u00a0\u00bb|||\u00a0\u00bb global_colors_info=\u00a0\u00bb{}\u00a0\u00bb custom_padding__hover=\u00a0\u00bb|||\u00a0\u00bb][et_pb_post_title meta=\u00a0\u00bboff\u00a0\u00bb featured_image=\u00a0\u00bboff\u00a0\u00bb admin_label=\u00a0\u00bbTitre du poste\u00a0\u00bb _builder_version=\u00a0\u00bb4.27.0&Prime; _module_preset=\u00a0\u00bbdefault\u00a0\u00bb title_font=\u00a0\u00bb|700|||||||\u00a0\u00bb global_colors_info=\u00a0\u00bb{}\u00a0\u00bb][\/et_pb_post_title][et_pb_text admin_label=\u00a0\u00bbText\u00a0\u00bb _builder_version=\u00a0\u00bb4.27.0&Prime; text_font=\u00a0\u00bb|600|||||||\u00a0\u00bb text_text_color=\u00a0\u00bb#000000&Prime; background_size=\u00a0\u00bbinitial\u00a0\u00bb background_position=\u00a0\u00bbtop_left\u00a0\u00bb background_repeat=\u00a0\u00bbrepeat\u00a0\u00bb custom_padding=\u00a0\u00bb20px|20px|20px|20px|false|false\u00a0\u00bb border_radii=\u00a0\u00bbon|10px|10px|10px|10px\u00a0\u00bb border_width_all=\u00a0\u00bb3px\u00a0\u00bb border_color_all=\u00a0\u00bb#a05500&Prime; box_shadow_style=\u00a0\u00bbpreset4&Prime; global_colors_info=\u00a0\u00bb{}\u00a0\u00bb]<\/p>\n<p dir=\"ltr\" style=\"text-align: justify;\">Les professeurs (\u00e9tudiants 2\u00e8me ann\u00e9e ou dipl\u00f4m\u00e9s)\u00a0 qui d\u00e9sirent d\u00e9poser une candidature spontan\u00e9e peuvent le faire en utilisant l\u2019adresse <a href=\"mailto:grignnotesecole@gmail.com\">grignnotesecole@gmail.com<\/a>.<\/p>\n<p dir=\"ltr\" style=\"text-align: justify;\">Votre candidature spontan\u00e9e doit contenir un curriculum vitae mentionnant pr\u00e9cis\u00e9ment l&rsquo;intitul\u00e9 de votre dipl\u00f4me ainsi qu&rsquo;une lettre de motivation.<\/p>\n<p dir=\"ltr\" style=\"text-align: justify;\">Un accus\u00e9 de r\u00e9ception vous sera envoy\u00e9.<\/p>\n<p dir=\"ltr\" style=\"text-align: justify;\">Nous vous invitons \u00e9galement \u00e0 nous renvoyer votre candidature si, au terme de l&rsquo;ann\u00e9e scolaire, vous \u00eates toujours \u00e0 la recherche d&rsquo;un emploi.<\/p>\n<p>[\/et_pb_text][et_pb_text _builder_version=\u00a0\u00bb4.27.4&Prime; _module_preset=\u00a0\u00bbdefault\u00a0\u00bb hover_enabled=\u00a0\u00bb0&Prime; global_colors_info=\u00a0\u00bb{}\u00a0\u00bb custom_padding=\u00a0\u00bb||0px|||\u00a0\u00bb sticky_enabled=\u00a0\u00bb0&Prime;]<\/p>\n<p><strong>Pour l&rsquo;ann\u00e9e 2025-2026:<\/strong><\/p>\n<p>&#8211; Professeur d&rsquo;\u00e9veil musicale pour aller dans les maternelles et primaires<\/p>\n<p>[\/et_pb_text][\/et_pb_column][\/et_pb_row][\/et_pb_section]<\/p>\n","protected":false},"excerpt":{"rendered":"<p>Les professeurs (\u00e9tudiants 2\u00e8me ann\u00e9e ou dipl\u00f4m\u00e9s)\u00a0 qui d\u00e9sirent d\u00e9poser une candidature spontan\u00e9e peuvent le faire en utilisant l\u2019adresse grignnotesecole@gmail.com. Votre candidature spontan\u00e9e doit contenir un curriculum vitae mentionnant pr\u00e9cis\u00e9ment l&rsquo;intitul\u00e9 de votre dipl\u00f4me ainsi qu&rsquo;une lettre de motivation. Un accus\u00e9 de r\u00e9ception vous sera envoy\u00e9. Nous vous invitons \u00e9galement \u00e0 nous renvoyer votre candidature [&hellip;]<\/p>\n","protected":false},"author":3,"featured_media":0,"parent":0,"menu_order":0,"comment_status":"closed","ping_status":"closed","template":"","meta":{"_et_pb_use_builder":"on","_et_pb_old_content":"<p dir=\"ltr\">Les professeurs (\u00e9tudiants 2\u00e8me ann\u00e9e ou dipl\u00f4m\u00e9s)\u00a0 qui d\u00e9sirent d\u00e9poser une candidature spontan\u00e9e peuvent le faire en utilisant l\u2019adresse <a href=\"mailto:grignnotesecole@gmail.com\">grignnotesecole@gmail.com<\/a>.<\/p>\r\n<p dir=\"ltr\">Votre candidature spontan\u00e9e doit contenir un curriculum vitae mentionnant pr\u00e9cis\u00e9ment l'intitul\u00e9 de votre dipl\u00f4me ainsi qu'une lettre de motivation.<\/p>\r\n<p dir=\"ltr\">Un accus\u00e9 de r\u00e9ception vous sera envoy\u00e9.<\/p>\r\n<p dir=\"ltr\">Nous vous invitons \u00e9galement \u00e0 nous renvoyer votre candidature si, au terme de l'ann\u00e9e scolaire, vous \u00eates toujours \u00e0 la recherche d'un emploi.<\/p>","_et_gb_content_width":"","footnotes":""},"class_list":["post-116","page","type-page","status-publish","hentry"],"_links":{"self":[{"href":"https:\/\/www.lesgrignnotes.be\/index.php\/wp-json\/wp\/v2\/pages\/116","targetHints":{"allow":["GET"]}}],"collection":[{"href":"https:\/\/www.lesgrignnotes.be\/index.php\/wp-json\/wp\/v2\/pages"}],"about":[{"href":"https:\/\/www.lesgrignnotes.be\/index.php\/wp-json\/wp\/v2\/types\/page"}],"author":[{"embeddable":true,"href":"https:\/\/www.lesgrignnotes.be\/index.php\/wp-json\/wp\/v2\/users\/3"}],"replies":[{"embeddable":true,"href":"https:\/\/www.lesgrignnotes.be\/index.php\/wp-json\/wp\/v2\/comments?post=116"}],"version-history":[{"count":8,"href":"https:\/\/www.lesgrignnotes.be\/index.php\/wp-json\/wp\/v2\/pages\/116\/revisions"}],"predecessor-version":[{"id":631,"href":"https:\/\/www.lesgrignnotes.be\/index.php\/wp-json\/wp\/v2\/pages\/116\/revisions\/631"}],"wp:attachment":[{"href":"https:\/\/www.lesgrignnotes.be\/index.php\/wp-json\/wp\/v2\/media?parent=116"}],"curies":[{"name":"wp","href":"https:\/\/api.w.org\/{rel}","templated":true}]}}

<p>[et_pb_section fb_built= »1&Prime; admin_label= »section » _builder_version= »4.27.0&Prime; background_image= »https://www.lesgrignnotes.be/wp-content/uploads/2024/08/arriere-plan.jpg » global_colors_info= »{} »][et_pb_row admin_label= »row » _builder_version= »4.16&Prime; background_size= »initial » background_position= »top_left » background_repeat= »repeat » global_colors_info= »{} »][et_pb_column type= »4_4&Prime; _builder_version= »4.16&Prime; custom_padding= »||| » global_colors_info= »{} » custom_padding__hover= »||| »][et_pb_post_title meta= »off » featured_image= »off » admin_label= »Titre du poste » _builder_version= »4.27.0&Prime; _module_preset= »default » title_font= »|700||||||| » global_colors_info= »{} »][/et_pb_post_title][et_pb_text admin_label= »Text » _builder_version= »4.27.0&Prime; text_font= »|600||||||| » text_text_color= »#000000&Prime; background_size= »initial » background_position= »top_left » background_repeat= »repeat » custom_padding= »20px|20px|20px|20px|false|false » border_radii= »on|10px|10px|10px|10px » border_width_all= »3px » border_color_all= »#a05500&Prime; box_shadow_style= »preset4&Prime; global_colors_info= »{} »]</p>
<p dir="ltr" style="text-align: justify;">Les professeurs (étudiants 2ème année ou diplômés)  qui désirent déposer une candidature spontanée peuvent le faire en utilisant l’adresse <a href="mailto:grignnotesecole@gmail.com">grignnotesecole@gmail.com</a>.</p>
<p dir="ltr" style="text-align: justify;">Votre candidature spontanée doit contenir un curriculum vitae mentionnant précisément l&rsquo;intitulé de votre diplôme ainsi qu&rsquo;une lettre de motivation.</p>
<p dir="ltr" style="text-align: justify;">Un accusé de réception vous sera envoyé.</p>
<p dir="ltr" style="text-align: justify;">Nous vous invitons également à nous renvoyer votre candidature si, au terme de l&rsquo;année scolaire, vous êtes toujours à la recherche d&rsquo;un emploi.</p>
<p>[/et_pb_text][et_pb_text _builder_version= »4.27.4&Prime; _module_preset= »default » hover_enabled= »0&Prime; global_colors_info= »{} » custom_padding= »||0px||| » sticky_enabled= »0&Prime;]</p>
<p><strong>Pour l&rsquo;année 2025-2026:</strong></p>
<p>&#8211; Professeur d&rsquo;éveil musicale pour aller dans les maternelles et primaires</p>
<p>[/et_pb_text][/et_pb_column][/et_pb_row][/et_pb_section]</p>

<p>Les professeurs (étudiants 2ème année ou diplômés)  qui désirent déposer une candidature spontanée peuvent le faire en utilisant l’adresse grignnotesecole@gmail.com. Votre candidature spontanée doit contenir un curriculum vitae mentionnant précisément l&rsquo;intitulé de votre diplôme ainsi qu&rsquo;une lettre de motivation. Un accusé de réception vous sera envoyé. Nous vous invitons également à nous renvoyer votre candidature [&hellip;]</p>

<p dir="ltr">Les professeurs (étudiants 2ème année ou diplômés)  qui désirent déposer une candidature spontanée peuvent le faire en utilisant l’adresse <a href="mailto:grignnotesecole@gmail.com">grignnotesecole@gmail.com</a>.</p>
<p dir="ltr">Votre candidature spontanée doit contenir un curriculum vitae mentionnant précisément l'intitulé de votre diplôme ainsi qu'une lettre de motivation.</p>
<p dir="ltr">Un accusé de réception vous sera envoyé.</p>
<p dir="ltr">Nous vous invitons également à nous renvoyer votre candidature si, au terme de l'année scolaire, vous êtes toujours à la recherche d'un emploi.</p>
